{"id":37,"date":"2017-02-07T06:41:05","date_gmt":"2017-02-07T06:41:05","guid":{"rendered":"https:\/\/raratheme.com\/preview\/preschool-and-kindergarten\/?page_id=37"},"modified":"2025-01-13T13:49:14","modified_gmt":"2025-01-13T12:49:14","slug":"welcome-to-kinder-school","status":"publish","type":"page","link":"https:\/\/vskopfing.at\/?page_id=37","title":{"rendered":"Willkommen an der VS Kopfing!"},"content":{"rendered":"<hr \/>\n<p>Wir freuen uns sehr, Sie auf unserer Website begr\u00fc\u00dfen zu d\u00fcrfen! Die Volksschule Kopfing ist ein Ort des lebendigen Lernens, an dem sich Kinder entfalten und ihre Neugier auf die Welt ausleben k\u00f6nnen. In einer Atmosph\u00e4re des Vertrauens und der Wertsch\u00e4tzung begleiten wir unsere Sch\u00fclerinnen und Sch\u00fcler auf ihrem Weg zu selbstst\u00e4ndigen, verantwortungsbewussten jungen Menschen.<\/p>\n<p>Unser engagiertes Lehrerteam legt besonderen Wert auf eine abwechslungsreiche und kindgerechte Gestaltung des Unterrichts, erg\u00e4nzt durch spannende Projekte und gemeinsame Aktivit\u00e4ten. Als Schule im Herzen von Kopfing nutzen wir unsere Umgebung aktiv f\u00fcr Lernerlebnisse in der Natur und unserer Gemeinde.<\/p>\n<p>Auf unserer Website finden Sie Informationen \u00fcber unser vielf\u00e4ltiges Schulleben, aktuelle Projekte und wichtige Termine. Bei Fragen oder Anliegen sind wir jederzeit f\u00fcr Sie da!<\/p>\n<p>Herzliche Gr\u00fc\u00dfe,<br \/>\ndas Team der Volksschule Kopfing<\/p>\n<hr \/>\n","protected":false},"excerpt":{"rendered":"<p>Herzlich willkommen auf der Homepage der VS Kopfing. <\/p>\n","protected":false},"author":1,"featured_media":200,"parent":0,"menu_order":0,"comment_status":"closed","ping_status":"closed","template":"","meta":{"footnotes":""},"class_list":["post-37","page","type-page","status-publish","has-post-thumbnail","hentry"],"_links":{"self":[{"href":"https:\/\/vskopfing.at\/index.php?rest_route=\/wp\/v2\/pages\/37","targetHints":{"allow":["GET"]}}],"collection":[{"href":"https:\/\/vskopfing.at\/index.php?rest_route=\/wp\/v2\/pages"}],"about":[{"href":"https:\/\/vskopfing.at\/index.php?rest_route=\/wp\/v2\/types\/page"}],"author":[{"embeddable":true,"href":"https:\/\/vskopfing.at\/index.php?rest_route=\/wp\/v2\/users\/1"}],"replies":[{"embeddable":true,"href":"https:\/\/vskopfing.at\/index.php?rest_route=%2Fwp%2Fv2%2Fcomments&post=37"}],"version-history":[{"count":5,"href":"https:\/\/vskopfing.at\/index.php?rest_route=\/wp\/v2\/pages\/37\/revisions"}],"predecessor-version":[{"id":462,"href":"https:\/\/vskopfing.at\/index.php?rest_route=\/wp\/v2\/pages\/37\/revisions\/462"}],"wp:featuredmedia":[{"embeddable":true,"href":"https:\/\/vskopfing.at\/index.php?rest_route=\/wp\/v2\/media\/200"}],"wp:attachment":[{"href":"https:\/\/vskopfing.at\/index.php?rest_route=%2Fwp%2Fv2%2Fmedia&parent=37"}],"curies":[{"name":"wp","href":"https:\/\/api.w.org\/{rel}","templated":true}]}}